Let l be 0/3 + y/1. Calculate the highest common divisor of 3 and l.
3
Let l(s) = -171*s**3 - 2*s**2 - 11*s - 10. Let d be l(-1). Suppose -4*j - 46*n + 43*n = -222, 3*j = -4*n + d. What is the greatest common divisor of j and 297?
27
Suppose -26*g = -23*g - 12. Let b be 10 + 1 + -1 + g. Calculate the greatest common divisor of 112 and b.
14
Let z be ((-40)/(-12))/((-1490)/(-498) - 3). Let b = -167 - z. Calculate the highest common divisor of 62 and b.
62
Let o(h) = h**3 - 2*h**2 - 51*h - 57. Let g be o(-4). What is the greatest common divisor of 289 and g?
17
Suppose -19*k + 25*k = -2046. Let g = -327 - k. Calculate the highest common factor of 35 and g.
7
Let f(g) = g + 11. Let x be f(-7). Suppose 0*l = -x*l + 396. Let u = 131439 - 131430. Calculate the greatest common factor of l and u.
9
Suppose 4*r = -y + 3*y + 160, -3*y - 40 = -r. Let j = 218 - 206. Calculate the highest common factor of r and j.
4
Let x(q) = 10*q - 164. Let k be x(17). Suppose 0 = -2*y + 4, -d + k*y + 16 = 5*y. Let c be (6/(-8))/(2/(-72)). What is the highest common factor of d and c?
9
Let h be 2/(-8) + (-267)/(-12). Let u = -407 - -495. What is the highest common divisor of u and h?
22
Suppose -128*f - 139*f + 131 = -1471. Calculate the highest common divisor of 2046 and f.
6
Let h be 32/10 + (-5)/25. Suppose -4*c = 4*n - 40, 5*c = -h*n - 7 + 31. Let f be 10/(-90)*(-1 + -8). What is the greatest common factor of f and n?
1
Suppose -q - 2*t + 24 = 0, 12 - 2 = -5*t. Let w(h) = -6*h - 7. Let m be w(-7). Calculate the greatest common divisor of q and m.
7
Let j be (-14)/259 - (11 + (-1244782)/518). Calculate the highest common factor of j and 416.
104
Let c be (-20)/50 - 3/((-30)/1304). Suppose 0 = -12*r - c - 122. Let y be 9 + (r/6)/(-7)*0. What is the highest common factor of y and 117?
9
Let l(i) = -98*i**3 + i**2 + 2*i + 1. Let y be l(-1). Let a(q) = -996*q - 13902. Let r be a(-14). Calculate the greatest common divisor of y and r.
14
Suppose 3*w - 5*h = 358, 5*w - 610 = 20*h - 15*h. Calculate the greatest common divisor of w and 406.
14
Let i(x) = -3*x**2 - 52*x + 57. Let h be i(-22). Let p = h - -391. Suppose 3*r + 16 + 15 = 2*f, 4*f = 4*r + 68. Calculate the highest common factor of p and f.
20
Let q(y) = -2*y - 1. Let g be q(6). Let s(h) = -h**3 + 53*h**2 + 168*h + 28. Let w be s(56). Let x = g + w. What is the greatest common divisor of 6 and x?
3
Let z be (-4)/2*(-260 + 16/(-4)). Suppose 3*j = -2*r + z, -4*r + 5*j + 327 = -773. What is the greatest common divisor of 30 and r?
30
Let z = -288 - -1922. Calculate the greatest common factor of 172 and z.
86
Suppose 6*w - 7*w + 3 = 0. Let b be -3 + (w/(-4) - (-207)/36). Suppose -5*p + 19 = -r - 32, p + 5*r - 5 = 0. What is the highest common divisor of p and b?
2
Let c = 6745 - 5156. What is the greatest common factor of c and 14?
7
Let h(z) = 29*z**2 + 157*z + 743. Let j be h(-5). Calculate the greatest common divisor of 2 and j.
1
Suppose 2*f = 2*k - 0*f + 214, 2*k = -5*f - 214. Let h = k - -137. What is the greatest common factor of 225 and h?
15
Let s(w) = 5*w**2 + 16*w + 18. Let i be s(-4). What is the greatest common factor of i and 221?
17
Let w = 26 - 9. Suppose -18*o + w*o = -127. Let g = o - 62. Calculate the greatest common factor of g and 26.
13
Let k = 113 - 85. Let f = -2595 - -3043. What is the highest common divisor of f and k?
28
Let o be (6*-1)/(4/(-6)). Let b = -25206 - -25224. Calculate the highest common factor of b and o.
9
Suppose 131*k = 104289 + 101774. What is the highest common factor of 169 and k?
13
Suppose 0 = 3*k - 4*k - 4*l + 2, l = 3*k - 19. Suppose -36*s = -33*s + k. Let i be 0 - s - (0 - (3 - -135)). Calculate the greatest common factor of i and 20.
20
Let u(z) = -8*z + 169. Let w be u(-10). Suppose -y + w = 237. Calculate the greatest common divisor of 66 and y.
6
Let w(p) = 96*p**2 - 5*p + 35. Let r be w(4). Suppose 6*z = r + 219. Calculate the greatest common divisor of 118 and z.
59
Let z be (0 - -5)/(-5)*1. Let y be 80/z*10*(-6)/24. Let s(w) = 2*w + 5. Let q be s(10). What is the greatest common divisor of q and y?
25
Suppose -77*i = 37 - 2859 - 874. Let c be (16 + -412)*(-8)/6. Calculate the greatest common divisor of c and i.
48
Suppose d + 11*y = 13*y + 22, d - 6 = -2*y. Suppose -17*c + 108 = -d*c. What is the greatest common factor of c and 558?
18
Let h be 13/13 + 0 + 1. Suppose -3*t = -h*t. Suppose t*z = 4*z - 56. Calculate the highest common factor of 112 and z.
14
Let m be 17895/245 - (-34)/(-833). Calculate the highest common factor of m and 5913.
73
Let n(t) = -18*t - 546. Let v be n(-33). Calculate the greatest common divisor of 1424 and v.
16
Let l be (16/(-14)*28/(-16))/((-4)/(-350)). What is the highest common factor of 77 and l?
7
Let h(t) = -3*t**3 - 5*t**2 - 8*t - 12. Suppose 0 = 3*w + 25 - 16. Let v be h(w). Let g = v + 17. Calculate the highest common divisor of g and 13.
13
Let s be (48/(-2))/((-10)/((-180)/27)). Let x(m) = -m**2 - 22*m - 92. Let r be x(s). What is the highest common divisor of 56 and r?
4
Let c = 1016 - 290. What is the greatest common factor of c and 12?
6
Let w = -105 - -118. Let x(s) = s**3 - 13*s**2 + s + 39. Let p be x(w). Calculate the greatest common divisor of 39 and p.
13
Let g be (-9224)/25366 - (-1 + 1834/(-22)). Calculate the greatest common factor of 2660 and g.
28
Suppose 5*o - 5*x = 25, 3*x - 4*x + 30 = 4*o. Let p(h) = 13*h + 1. Let d be p(o). Let i = d - 2. What is the highest common factor of 45 and i?
45
Suppose 2*j - 26 = 22. Let d(p) = -64 + 24 + p**2 + 13 - 8*p - 2 - 4. Let a be d(13). What is the greatest common factor of a and j?
8
Suppose 161*k = 11816 + 21189. Calculate the highest common factor of 80 and k.
5
Let n be (4 - 15/(-2))*(304 + 38). What is the highest common factor of 414 and n?
207
Let a be 5 + 91/4 + 3/12. Let v be (-13 + a/4)*18/(-3). What is the greatest common factor of 396 and v?
36
Let p be (-6)/21 + (-100)/(-7). Let y = 2056 - 1069. Let i = -889 + y. What is the highest common divisor of i and p?
14
Let p be ((-21)/(-15) - -1)/(2/5). Let c be ((6 - p) + 5)/1. What is the greatest common factor of 55 and c?
5
Let q be 36/(-126) - ((-16)/7 + 2). Suppose 4*h + 3*z - 191 = q, -z - 2*z - 59 = -h. Calculate the greatest common factor of h and 200.
50
Let c be -30 + 21 + (4 + 20201 - 0). What is the greatest common factor of 11 and c?
11
Suppose -4*c + 597 = o, -c + 21*o - 19*o = -147. Calculate the greatest common divisor of c and 4321.
149
Let p be (-204)/(-357) + 1 + 56583/21. What is the greatest common divisor of p and 8?
8
Let b = 44 + -60. Let x = -11 - b. Suppose -3*u - x = f - 28, -27 = -3*u - 3*f. What is the greatest common divisor of u and 7?
7
Let p be 11/((2/52)/(-9 + 133/14)). What is the highest common divisor of p and 39?
13
Suppose -11*z = -20*z + 234. Suppose -7*k + 23 = -z. What is the greatest common factor of k and 497?
7
Let s(l) = l**2 - 21*l - 177. Let m be s(32). Suppose 4*j + 3*w - 204 - 199 = 0, -5*w = 15. Let i = m - j. Calculate the greatest common divisor of 9 and i.
9
Suppose 2*z - 2047 = -u, 2*z + 2*u - 958 = 1088. Calculate the greatest common divisor of z and 96.
32
Let f = -1190 - -1254. Calculate the highest common divisor of 80 and f.
16
Suppose -y - 34 = -27, c - 2*y = 37. Let u be 23 - (0/1)/(-2). Calculate the greatest common divisor of u and c.
23
Suppose -s - 5 = 0, -s + 926 = -2*i - 681. Let v be i/(-10) + (-14)/(-35). Calculate the greatest common factor of 9 and v.
9
Suppose 24*t = 11*t - 39. Let y be 39 + (1 - t) + -10 + 1. What is the highest common divisor of y and 34?
34
Let p(s) = -6*s + 23. Let g be p(3). Suppose 4*q + 3*h + 16 = 6*q, 0 = g*h - 10. Calculate the greatest common factor of q and 517.
11
Let h = 497 + -54. Let c = h - 355. What is the greatest common divisor of 11 and c?
11
Let k be 42/24 - (-129)/4. Calculate the highest common factor of 9622 and k.
34
Let n(g) = 1602*g - 5141. Let t be n(18). What is the greatest common factor of t and 70?
35
Let j(o) = 180*o + 71. Let p be j(7). Suppose -5*x - u = -17 - p, -538 = -2*x - u. What is the highest common factor of x and 10?
10
Suppose -21*a - 2*a + 3611 = 0. Suppose -148*b - 324 = -a*b. Let g be 1/2 - 503/(-2). Calculate the highest common factor of b and g.
36
Suppose z = -19*d + 15*d